of k?
4
Let f be (-14)/21*(5 + -3)*-3. Let h be 76/2*(5 - 0). Suppose f*q = -q + h. What is the tens digit of q?
3
Let c(s) = 2*s**2 + 4*s + 36. What is the hundreds digit of c(-19)?
6
Let x be 27/1 + -6 + 8. Suppose 51 = 2*h - 0*g + g, h - 3*g = x. What is the units digit of h?
6
Let v(c) be the third derivative of -c**6/120 + 41*c**3/6 + 19*c**2. Suppose 0 = 2*m + 3*s, -6*s + 2*s = 4*m. What is the units digit of v(m)?
1
Suppose 3*d + 2364 = 3*k, 3*k = 4*k - 4*d - 788. What is the units digit of k?
8
Suppose -3*d + 3 = i - 7, 2*d = -i + 5. Suppose b = -d*z + 6, 4*z = -b + 2*z. What is the units digit of (-7)/2*(2 + b)?
7
Suppose k = 2*k - 428. Suppose 3*p = u + k, u + 0*u = 5*p - 712. Suppose -5*m + p = -3*i, 4 + 18 = m + i. What is the tens digit of m?
2
Let a = 6 - 15. Let p = -6 - -3. What is the tens digit of p/a + 424/24?
1
Suppose 2*i = 5*y + 8, 4*i = y + 10 + 6. Suppose 0 = -9*d - i*d + 1612. What is the tens digit of d?
2
Suppose 21*l - 10*l - 88 = 0. Let s = 198 + l. What is the hundreds digit of s?
2
What is the hundreds digit of 8*(-1)/(-5)*(-15260)/(-56)?
4
Suppose 0 = 5*h - 3*t + 4*t - 64, 32 = h + 5*t. What is the tens digit of (-2)/(h/291)*-2?
9
Let r(x) = 216*x**2 - 367*x - 7. What is the thousands digit of r(5)?
3
Suppose g = 2*g - 3, -2*v - 4*g = -16. Suppose 0*n + n = v. What is the units digit of n?
2
Suppose 4*f + 0*f + 2*j = 1762, 3*j + 2197 = 5*f. What is the hundreds digit of f?
4
What is the units digit of (102/30 - 5)/((-2)/725)?
0
Suppose -545*z + 563*z - 28926 = 0. What is the thousands digit of z?
1
Let a(f) = 67*f + 28. What is the tens digit of a(6)?
3
Suppose -53*g + 42371 + 19745 = 0. What is the thousands digit of g?
1
Suppose -g + j = -4780, -3*g - 7*j + 2*j + 14332 = 0. What is the tens digit of g?
7
Suppose 0 = -t - 4*t + 150. Let a(d) = -d**2 + 22*d - 115. Let q be a(12). Let s = q + t. What is the tens digit of s?
3
Let d be (-2)/(-8) - 33/(-12). What is the units digit of (-1)/(-2 - -4 - d)?
1
Let w be (-8)/(-2)*322/8 - 2. Suppose -3*n - 12 + w = 0. What is the tens digit of n?
4
Let y(f) = 29*f + 36. Let o(h) = -29*h - 38. Let k(p) = 3*o(p) + 2*y(p). What is the tens digit of k(-10)?
4
Suppose 2*l - c = -2 + 7, 0 = -2*l + 4*c - 10. What is the units digit of 3672/39 - l - 4/26?
9
Suppose -4*l - 3*u = 12, 0*u = 2*l - 5*u - 20. Suppose l = 5*p - 4*h - 1287, -4*p - 2*h = -1015 + 1. Suppose 5*j - p = -45. What is the tens digit of j?
4
Let i(w) = 210*w**3 - 1. What is the tens digit of i(1)?
0
Suppose -18*g + 6705 = -3*g. What is the units digit of g?
7
Suppose 2*s = 2119 + 6811. What is the hundreds digit of s?
4
What is the units digit of (-12)/(-3) - (-715 - -16)?
3
Let f(v) = -3*v**3 - 2*v**2 + 4026*v - 4031*v - 2 - 1. What is the tens digit of f(-4)?
7
Let u(z) = 7*z + 14. Let c = 13 + 2. What is the hundreds digit of u(c)?
1
What is the hundreds digit of 5 - (-668)/(-4)*-6?
0
Let j(v) be the first derivative of -v**3/3 - 9*v**2 - 29*v - 1. Let q(u) = -9*u - 4. Let y be q(1). What is the tens digit of j(y)?
3
Let r be -2 + 3 + (-1573)/13. Let a = r + 292. What is the units digit of a?
2
Let d be (-2 + (-24)/(-10))/(3/945). Suppose -14*o + 7*o + d = 0. What is the units digit of o?
8
Suppose 2*d - 16 = t - 5, 2*d + 46 = -2*t. Let q = t + 21. Suppose q*p + 31 = 3*v, -5*v + 72 - 17 = -5*p. What is the units digit of v?
9
Suppose 64 - 319 = -5*u. Suppose 9 + u = 5*s. What is the units digit of 90/s*32/10?
4
Suppose o - i = 89 + 31, 3*i + 480 = 4*o. Let g = o + -77. What is the tens digit of g?
4
Let q(s) = s**3 + 13*s**2 - 23*s - 13. What is the hundreds digit of q(-12)?
4
Suppose 0 = -2*r - 8 + 14. Suppose 4*m = b + 612, -5*m + r*b + 444 = -314. What is the hundreds digit of m?
1
Let h = 123 + -121. Suppose b = -h*y + 212, 0*b = -5*b - 4*y + 1036. What is the units digit of b?
4
Let u = -339 - -458. What is the tens digit of u?
1
Let z = -4241 + 9325. What is the units digit of z?
4
Let d(k) = -k + 4*k - 11 - k. Let y be d(8). Suppose -5*u = 3*j - 4, -4*u + 6 = -y*j - 12. What is the units digit of u?
2
Suppose -5*d + 213 = 3*a, -5*d + 219 = a - 2. Let k = d + -15. What is the tens digit of k?
3
What is the units digit of (2190/9)/((-34)/(-153))?
5
Suppose -3*a + 8*a - a = 0. What is the tens digit of a + (-3 + -160)*-1?
6
Let z = 1014 - -61. What is the hundreds digit of z?
0
Suppose 0 = -4*z + 2*q + 2926, 0 = -z + 5*z - 3*q - 2921. What is the units digit of z?
4
Suppose x - 780 = 2*u, -3*x + 0*u + 4*u = -2344. What is the hundreds digit of x?
7
Let s(x) = -4*x**3 + 2*x**2 + 8. What is the hundreds digit of s(-3)?
1
Let b(l) = l. Let d(z) = z**2 + 6*z + 12. Let y(q) = -3*b(q) + d(q). What is the tens digit of y(-7)?
4
Let r be 3 + ((-12)/(-4) - 4). Suppose -2*u + 18 = y, -r*u - 5*y = -7 - 27. Let t(p) = p - 3. What is the units digit of t(u)?
4
Suppose 25*x - 27*x = -810. What is the hundreds digit of x?
4
Let m be 872/5 - (-21)/35. Let r = m - 65. What is the tens digit of r?
1
Suppose -2*l + 7*l = -4*f + 5, 5*l - 4*f - 45 = 0. Suppose l*t = -2*k + 38, -5*k + 4*t + 16 = -79. What is the tens digit of k?
1
Let b(h) be the second derivative of -h**3/6 - 3*h**2 - 7*h. Let q be b(-9). Suppose -72 = -4*o + 5*p, 2*o - 18 = -q*p + p. What is the units digit of o?
3
Let m(b) = -b - 2. Let x be m(-4). Let c(o) = 12*o**2 + 5*o - 17 + 7 + 9 - 3*o. What is the units digit of c(x)?
1
Let r(p) = 2*p + 8 - p**3 + 11*p**2 - 3 + 14*p. Suppose 4*y + 20 = u, u - 6 = -0*u - 3*y. What is the tens digit of r(u)?
5
Let b(m) = m**3 - 8*m**2 + 7*m - 7. Let s be b(6). Let a = s + 52. What is the units digit of a?
5
Let g be 22/(1/(2 + -1)). Suppose 15 = 6*w + 75. Let b = g + w. What is the tens digit of b?
1
Let v = -23 + 79. Suppose -3*s - 5*z + v = 0, -3*z = -9*s + 4*s + 150. What is the tens digit of s?
2
Let h be (9 + -5)*(-1 - 0). Let x(m) = -3*m + 4. What is the tens digit of x(h)?
1
Let v be (-10)/95 + (-5628)/(-38). Let l = v + -69. What is the tens digit of l?
7
Let t be (2 - -143) + -2 + 2. Suppose -y + 42 - 5 = i, -5*i = -5*y - t. Let n = -14 + i. What is the tens digit of n?
1
Suppose -g + 5*g = 4*a + 32, 4*a = -2*g - 14. Let r(y) = y - 3. Let f be r(5). Suppose 0 = -f*h + 8, 0 = -2*p - g*h - 6 + 20. What is the units digit of p?
1
Let q(p) = 2*p - 22. Let g be q(15). Let h(j) = j**3 - 6*j**2 - 10*j + 6. What is the units digit of h(g)?
4
Suppose 0 = -9*t + 4119 - 456. What is the hundreds digit of t?
4
Let v = -110 - -72. Let h = 31 + v. What is the tens digit of (-1)/h + (-10340)/(-140)?
7
Let n(r) = 3*r**2 + 7*r - 139. What is the units digit of n(-20)?
1
Suppose 2*g + 6 = 0, -5*p + 3 + 1 = 2*g. Suppose -r + p*r = 65. What is the units digit of r?
5
Let g(k) = 4 - 10 - 24*k - 39*k + 47*k. What is the units digit of g(-6)?
0
Let m = -3965 - -6614. What is the units digit of m?
9
Suppose 1 - 11 = -2*w. Let c = 2 - 2. Suppose 0*m - 2*q - 9 = -m, m - w*q - 18 = c. What is the units digit of m?
3
Suppose 3*d + 4 + 8 = 0. Let k be -1 - 0 - 72/d. Suppose 2*t - k = -7. What is the units digit of t?
5
Suppose -5*x = 5 - 30. Suppose -105 = -x*b + b - n, 47 = 2*b - 5*n. What is the units digit of b?
6
Let o = -21 - -4. Let z = o - -18. Suppose 4*c = 16, 5*h = 2*h + 4*c - z. What is the units digit of h?
5
Let w be 10/(-50) - 132/(-10). Let b = -8 + w. Suppose -v + b = 1. What is the units digit of v?
4
What is the hundreds digit of (3282/(-7))/(-3) + (-8)/28?
1
Let d(t) = t**2 + 6*t - 4. Let a(j) = -j**3 + 4*j**2 + 3*j + 7. Let k be a(5). Let h be d(k). Let o = -3 - h. What is the units digit of o?
0
Let o(a) = 2*a + 2. Suppose -2*x - 4 = -8. Let z be o(x). What is the tens digit of (3/z)/(1/60)?
3
Let m = 165 - 573. What is the units digit of (m/20 - -3)*-5?
7
Suppose -3843 = -3*h - 0*d - 3*d, 0 = -4*h - 3*d + 5123. Suppose g - 1286 = -5*z - g, 5*g - h = -5*z. What is the hundreds digit of z?
2
Suppose 0*r = -10*r + 12310. What is the hundreds digit of r?
2
Suppose -4*s + 163 = 5*w - 6, -4*w - 3*s = -136. What is the tens digit of 2*w + (-16 - -13)?
7
Suppose 5*j + 21 = 3*i, 3*i - j - 12 = j. Suppose -5*o = -i*p + 286, 0*p + 4*p + 3*o = 546. What is the units digit of p?
8
Let p(u) = u**3 + 41*u**2 + 15*u + 101. What is the hundreds digit of p(-39)?
5
Let i be (-1)/2 - 158/(-4). Let u = 120 - i. Suppose -29 + u = 4*